[INFO] cloning repository https://github.com/willmurphyscode/wires
[INFO] running `Command { std: "git" "-c" "credential.helper=" "-c" "credential.helper=/workspace/cargo-home/bin/git-credential-null" "clone" "--bare" "https://github.com/willmurphyscode/wires" "/workspace/cache/git-repos/https%3A%2F%2Fgithub.com%2Fwillmurphyscode%2Fwires", kill_on_drop: false }`
[INFO] [stderr] Cloning into bare repository '/workspace/cache/git-repos/https%3A%2F%2Fgithub.com%2Fwillmurphyscode%2Fwires'...
[INFO] running `Command { std: "git" "rev-parse" "HEAD", kill_on_drop: false }`
[INFO] [stdout] 479631a38c39434d71067cffc16b60484a972abb
[INFO] building willmurphyscode/wires against master#881c1ac408d93bb7adaa3a51dabab9266e82eee8 for issue-85264
[INFO] running `Command { std: "git" "clone" "/workspace/cache/git-repos/https%3A%2F%2Fgithub.com%2Fwillmurphyscode%2Fwires" "/workspace/builds/worker-12/source", kill_on_drop: false }`
[INFO] [stderr] Cloning into '/workspace/builds/worker-12/source'...
[INFO] [stderr] done.
[INFO] validating manifest of git repo https://github.com/willmurphyscode/wires on toolchain 881c1ac408d93bb7adaa3a51dabab9266e82eee8
[INFO] running `Command { std: "/workspace/cargo-home/bin/cargo" "+881c1ac408d93bb7adaa3a51dabab9266e82eee8" "metadata" "--manifest-path" "Cargo.toml" "--no-deps", kill_on_drop: false }`
[INFO] started tweaking git repo https://github.com/willmurphyscode/wires
[INFO] finished tweaking git repo https://github.com/willmurphyscode/wires
[INFO] tweaked toml for git repo https://github.com/willmurphyscode/wires written to /workspace/builds/worker-12/source/Cargo.toml
[INFO] crate git repo https://github.com/willmurphyscode/wires already has a lockfile, it will not be regenerated
[INFO] running `Command { std: "/workspace/cargo-home/bin/cargo" "+881c1ac408d93bb7adaa3a51dabab9266e82eee8" "fetch" "--manifest-path" "Cargo.toml", kill_on_drop: false }`
[INFO] [stderr]  Downloading crates ...
[INFO] [stderr]   Downloaded textwrap v0.7.0
[INFO] [stderr]   Downloaded nom v3.2.0
[INFO] [stderr]   Downloaded clap v2.26.0
[INFO] [stderr]   Downloaded libc v0.2.29
[INFO] running `Command { std: "docker" "create" "-v" "/var/lib/crater-agent-workspace/builds/worker-12/target:/opt/rustwide/target:rw,Z" "-v" "/var/lib/crater-agent-workspace/builds/worker-12/source:/opt/rustwide/workdir:ro,Z" "-v" "/var/lib/crater-agent-workspace/cargo-home:/opt/rustwide/cargo-home:ro,Z" "-v" "/var/lib/crater-agent-workspace/rustup-home:/opt/rustwide/rustup-home:ro,Z" "-e" "SOURCE_DIR=/opt/rustwide/workdir" "-e" "CARGO_TARGET_DIR=/opt/rustwide/target" "-e" "CARGO_HOME=/opt/rustwide/cargo-home" "-e" "RUSTUP_HOME=/opt/rustwide/rustup-home" "-w" "/opt/rustwide/workdir" "-m" "1610612736" "--user" "0:0" "--network" "none" "ghcr.io/rust-lang/crates-build-env/linux@sha256:20528e8c29e4536546f0102ce88568b16ea7538393a33fcca951030f7af10457" "/opt/rustwide/cargo-home/bin/cargo" "+881c1ac408d93bb7adaa3a51dabab9266e82eee8" "metadata" "--no-deps" "--format-version=1", kill_on_drop: false }`
[INFO] [stdout] 8c821737e353e85e3e39d3bc7f16af2692d2d2bd9652e7815a53ea18dbefc6c5
[INFO] [stderr] WARNING: Your kernel does not support swap limit capabilities or the cgroup is not mounted. Memory limited without swap.
[INFO] running `Command { std: "docker" "start" "-a" "8c821737e353e85e3e39d3bc7f16af2692d2d2bd9652e7815a53ea18dbefc6c5", kill_on_drop: false }`
[INFO] running `Command { std: "docker" "inspect" "8c821737e353e85e3e39d3bc7f16af2692d2d2bd9652e7815a53ea18dbefc6c5", kill_on_drop: false }`
[INFO] running `Command { std: "docker" "rm" "-f" "8c821737e353e85e3e39d3bc7f16af2692d2d2bd9652e7815a53ea18dbefc6c5", kill_on_drop: false }`
[INFO] [stdout] 8c821737e353e85e3e39d3bc7f16af2692d2d2bd9652e7815a53ea18dbefc6c5
[INFO] running `Command { std: "docker" "create" "-v" "/var/lib/crater-agent-workspace/builds/worker-12/target:/opt/rustwide/target:rw,Z" "-v" "/var/lib/crater-agent-workspace/builds/worker-12/source:/opt/rustwide/workdir:ro,Z" "-v" "/var/lib/crater-agent-workspace/cargo-home:/opt/rustwide/cargo-home:ro,Z" "-v" "/var/lib/crater-agent-workspace/rustup-home:/opt/rustwide/rustup-home:ro,Z" "-e" "SOURCE_DIR=/opt/rustwide/workdir" "-e" "CARGO_TARGET_DIR=/opt/rustwide/target" "-e" "CARGO_INCREMENTAL=0" "-e" "RUST_BACKTRACE=full" "-e" "RUSTFLAGS=--cap-lints=forbid" "-e" "CARGO_HOME=/opt/rustwide/cargo-home" "-e" "RUSTUP_HOME=/opt/rustwide/rustup-home" "-w" "/opt/rustwide/workdir" "-m" "1610612736" "--user" "0:0" "--network" "none" "ghcr.io/rust-lang/crates-build-env/linux@sha256:20528e8c29e4536546f0102ce88568b16ea7538393a33fcca951030f7af10457" "/opt/rustwide/cargo-home/bin/cargo" "+881c1ac408d93bb7adaa3a51dabab9266e82eee8" "build" "--frozen" "--message-format=json", kill_on_drop: false }`
[INFO] [stdout] 6ade1f1b4df478cd26d423a6e60b0bc5fe74b742f6393f6f1c6ca9db3af42bc4
[INFO] [stderr] WARNING: Your kernel does not support swap limit capabilities or the cgroup is not mounted. Memory limited without swap.
[INFO] running `Command { std: "docker" "start" "-a" "6ade1f1b4df478cd26d423a6e60b0bc5fe74b742f6393f6f1c6ca9db3af42bc4", kill_on_drop: false }`
[INFO] [stderr]    Compiling libc v0.2.29
[INFO] [stderr]    Compiling unicode-width v0.1.4
[INFO] [stderr]    Compiling bitflags v0.9.1
[INFO] [stderr]    Compiling vec_map v0.8.0
[INFO] [stderr]    Compiling ansi_term v0.9.0
[INFO] [stderr]    Compiling unicode-segmentation v1.2.0
[INFO] [stderr]    Compiling strsim v0.6.0
[INFO] [stderr]    Compiling term_size v0.3.0
[INFO] [stderr]    Compiling atty v0.2.2
[INFO] [stderr]    Compiling memchr v1.0.1
[INFO] [stderr]    Compiling textwrap v0.7.0
[INFO] [stderr]    Compiling nom v3.2.0
[INFO] [stderr]    Compiling clap v2.26.0
[INFO] [stderr]    Compiling wires v0.1.0 (/opt/rustwide/workdir)
[INFO] [stdout] warning: use of deprecated trait `std::ascii::AsciiExt`: use inherent methods instead
[INFO] [stdout]  --> src/wires.rs:2:5
[INFO] [stdout]   |
[INFO] [stdout] 2 | use std::ascii::AsciiExt;
[INFO] [stdout]   |     ^^^^^^^^^^^^^^^^^^^^
[INFO] [stdout]   |
[INFO] [stdout]   = note: `#[warn(deprecated)]` on by default
[INFO] [stdout] 
[INFO] [stdout] 
[INFO] [stdout] warning: unused import: `std::ascii::AsciiExt`
[INFO] [stdout]  --> src/wires.rs:2:5
[INFO] [stdout]   |
[INFO] [stdout] 2 | use std::ascii::AsciiExt;
[INFO] [stdout]   |     ^^^^^^^^^^^^^^^^^^^^
[INFO] [stdout]   |
[INFO] [stdout]   = note: `#[warn(unused_imports)]` on by default
[INFO] [stdout] 
[INFO] [stdout] 
[INFO] [stdout] warning: 2 warnings emitted
[INFO] [stdout] 
[INFO] [stdout] 
[INFO] [stderr]     Finished dev [unoptimized + debuginfo] target(s) in 12.04s
[INFO] running `Command { std: "docker" "inspect" "6ade1f1b4df478cd26d423a6e60b0bc5fe74b742f6393f6f1c6ca9db3af42bc4", kill_on_drop: false }`
[INFO] running `Command { std: "docker" "rm" "-f" "6ade1f1b4df478cd26d423a6e60b0bc5fe74b742f6393f6f1c6ca9db3af42bc4", kill_on_drop: false }`
[INFO] [stdout] 6ade1f1b4df478cd26d423a6e60b0bc5fe74b742f6393f6f1c6ca9db3af42bc4
[INFO] running `Command { std: "docker" "create" "-v" "/var/lib/crater-agent-workspace/builds/worker-12/target:/opt/rustwide/target:rw,Z" "-v" "/var/lib/crater-agent-workspace/builds/worker-12/source:/opt/rustwide/workdir:ro,Z" "-v" "/var/lib/crater-agent-workspace/cargo-home:/opt/rustwide/cargo-home:ro,Z" "-v" "/var/lib/crater-agent-workspace/rustup-home:/opt/rustwide/rustup-home:ro,Z" "-e" "SOURCE_DIR=/opt/rustwide/workdir" "-e" "CARGO_TARGET_DIR=/opt/rustwide/target" "-e" "CARGO_INCREMENTAL=0" "-e" "RUST_BACKTRACE=full" "-e" "RUSTFLAGS=--cap-lints=forbid" "-e" "CARGO_HOME=/opt/rustwide/cargo-home" "-e" "RUSTUP_HOME=/opt/rustwide/rustup-home" "-w" "/opt/rustwide/workdir" "-m" "1610612736" "--user" "0:0" "--network" "none" "ghcr.io/rust-lang/crates-build-env/linux@sha256:20528e8c29e4536546f0102ce88568b16ea7538393a33fcca951030f7af10457" "/opt/rustwide/cargo-home/bin/cargo" "+881c1ac408d93bb7adaa3a51dabab9266e82eee8" "test" "--frozen" "--no-run" "--message-format=json", kill_on_drop: false }`
[INFO] [stdout] b35d3d28b4f3071d3a10c88e1947a8eed037b2720b699b7f09780daec17d81a0
[INFO] [stderr] WARNING: Your kernel does not support swap limit capabilities or the cgroup is not mounted. Memory limited without swap.
[INFO] running `Command { std: "docker" "start" "-a" "b35d3d28b4f3071d3a10c88e1947a8eed037b2720b699b7f09780daec17d81a0", kill_on_drop: false }`
[INFO] [stderr]    Compiling wires v0.1.0 (/opt/rustwide/workdir)
[INFO] [stdout] error[E0425]: cannot find function `bytes_to_strings` in this scope
[INFO] [stdout]    --> src/wires.rs:120:5
[INFO] [stdout]     |
[INFO] [stdout] 120 |     bytes_to_strings("hello".as_bytes(), &mut cursor, &opts);
[INFO] [stdout]     |     ^^^^^^^^^^^^^^^^ not found in this scope
[INFO] [stdout] 
[INFO] [stdout] 
[INFO] [stdout] error[E0425]: cannot find function `bytes_to_strings` in this scope
[INFO] [stdout]    --> src/wires.rs:148:5
[INFO] [stdout]     |
[INFO] [stdout] 148 |     bytes_to_strings(&bytes, &mut cursor, &opts);
[INFO] [stdout]     |     ^^^^^^^^^^^^^^^^ not found in this scope
[INFO] [stdout] 
[INFO] [stdout] 
[INFO] [stdout] error[E0425]: cannot find function `z_string_fragment` in this scope
[INFO] [stdout]    --> src/z_string.rs:179:18
[INFO] [stdout]     |
[INFO] [stdout] 179 |     let actual = z_string_fragment(sl);
[INFO] [stdout]     |                  ^^^^^^^^^^^^^^^^^ not found in this scope
[INFO] [stdout] 
[INFO] [stdout] 
[INFO] [stdout] warning: use of deprecated trait `std::ascii::AsciiExt`: use inherent methods instead
[INFO] [stdout]  --> src/wires.rs:2:5
[INFO] [stdout]   |
[INFO] [stdout] 2 | use std::ascii::AsciiExt;
[INFO] [stdout]   |     ^^^^^^^^^^^^^^^^^^^^
[INFO] [stdout]   |
[INFO] [stdout]   = note: `#[warn(deprecated)]` on by default
[INFO] [stdout] 
[INFO] [stdout] 
[INFO] [stdout] error[E0061]: this function takes 2 arguments but 1 argument was supplied
[INFO] [stdout]    --> src/z_string.rs:170:18
[INFO] [stdout]     |
[INFO] [stdout] 170 |     let actual = char_from_5_bits( take_5_bits(sl).to_result().unwrap() );
[INFO] [stdout]     |                  ^^^^^^^^^^^^^^^^  ------------------------------------ supplied 1 argument
[INFO] [stdout]     |                  |
[INFO] [stdout]     |                  expected 2 arguments
[INFO] [stdout]     |
[INFO] [stdout] note: function defined here
[INFO] [stdout]    --> src/z_string.rs:125:4
[INFO] [stdout]     |
[INFO] [stdout] 125 | fn char_from_5_bits(fiver: u8, previous_byte: u8) -> char {
[INFO] [stdout]     |    ^^^^^^^^^^^^^^^^ ---------  -----------------
[INFO] [stdout] 
[INFO] [stdout] 
[INFO] [stdout] error[E0599]: the method `to_string` exists for struct `ZWord`, but its trait bounds were not satisfied
[INFO] [stdout]    --> src/z_string.rs:193:28
[INFO] [stdout]     |
[INFO] [stdout] 10  | struct ZWord {
[INFO] [stdout]     | ------------
[INFO] [stdout]     | |
[INFO] [stdout]     | method `to_string` not found for this
[INFO] [stdout]     | doesn't satisfy `ZWord: ToString`
[INFO] [stdout]     | doesn't satisfy `ZWord: std::fmt::Display`
[INFO] [stdout] ...
[INFO] [stdout] 193 |         .map(|zword| zword.to_string())
[INFO] [stdout]     |                            ^^^^^^^^^ method cannot be called on `ZWord` due to unsatisfied trait bounds
[INFO] [stdout]     |
[INFO] [stdout]     = note: the following trait bounds were not satisfied:
[INFO] [stdout]             `ZWord: std::fmt::Display`
[INFO] [stdout]             which is required by `ZWord: ToString`
[INFO] [stdout] 
[INFO] [stdout] 
[INFO] [stdout] warning: unused import: `std::ascii::AsciiExt`
[INFO] [stdout]  --> src/wires.rs:2:5
[INFO] [stdout]   |
[INFO] [stdout] 2 | use std::ascii::AsciiExt;
[INFO] [stdout]   |     ^^^^^^^^^^^^^^^^^^^^
[INFO] [stdout]   |
[INFO] [stdout]   = note: `#[warn(unused_imports)]` on by default
[INFO] [stdout] 
[INFO] [stdout] 
[INFO] [stdout] error: aborting due to 5 previous errors; 2 warnings emitted
[INFO] [stdout] 
[INFO] [stdout] 
[INFO] [stdout] Some errors have detailed explanations: E0061, E0425, E0599.
[INFO] [stdout] 
[INFO] [stdout] For more information about an error, try `rustc --explain E0061`.
[INFO] [stdout] 
[INFO] [stderr] error: could not compile `wires`
[INFO] [stderr] 
[INFO] [stderr] To learn more, run the command again with --verbose.
[INFO] running `Command { std: "docker" "inspect" "b35d3d28b4f3071d3a10c88e1947a8eed037b2720b699b7f09780daec17d81a0", kill_on_drop: false }`
[INFO] running `Command { std: "docker" "rm" "-f" "b35d3d28b4f3071d3a10c88e1947a8eed037b2720b699b7f09780daec17d81a0", kill_on_drop: false }`
[INFO] [stdout] b35d3d28b4f3071d3a10c88e1947a8eed037b2720b699b7f09780daec17d81a0
